What is k(a)?
2
Let i(o) = -2*o**2 - 7*o + 2. Let u = -219 + 214. Determine i(u).
-13
Let k(z) be the second derivative of 17*z**7/2520 - z**5/120 + 13*z**4/12 + 11*z. Let q(s) be the third derivative of k(s). Calculate q(-1).
16
Let t(f) = -f**2 + 27*f - 55. Let g be t(24). Let o(s) = -35 + 20 - s + g. Suppose -12 = -2*q - q. What is o(q)?
-2
Let q(l) = 5*l**3 + 6*l**2 + 16*l + 6. Let h(n) = -n**3 + 2*n**2 - n - 1. Let w(s) = 4*h(s) + q(s). Give w(-13).
15
Let h(i) = i**3 - 8*i**2 - 8*i - 6. Let b be h(9). Let w(v) = -2*v + 13*v + b*v. Determine w(-1).
-14
Let k(f) = 2*f - 35 - 2*f**3 + 33 + f**3 + f**2. Give k(2).
-2
Let h(p) = -10*p + 43. Let s be h(4). Let b(i) = -3*i**2 + 6*i + 3. What is b(s)?
-6
Let g(o) be the third derivative of 5/6*o**3 + 0 + 3/40*o**5 + 1/24*o**4 + 0*o - 2*o**2. Let v(y) be the first derivative of g(y). Calculate v(1).
10
Let w be (15/(-18))/(97/(-6) + 16). Let r(m) be the second derivative of -m**3/3 + 5*m**2/2 - m. Give r(w).
-5
Let l = 36 + -34. Let f(j) be the second derivative of -3*j**3/2 + 3*j**2/2 + 7*j. Calculate f(l).
-15
Let f(u) = -u + 8. Let t(m) = m**3 + 4*m**2 + 3*m - 4. Let n be t(-3). Let s be ((-14)/(-4))/(2/n). Let l = 13 + s. Calculate f(l).
2
Let j(r) = -4*r - 14. Let a be j(-4). Let i(w) = 5*w - 3*w**a - 6*w**2 + 8*w**2 + 0 + 5. Determine i(6).
-1
Let b(m) = 3*m**2 + 7*m + 5. Let z(d) = -7*d**2 - 15*d - 11. Let t(y) = 5*b(y) + 2*z(y). Let o(i) = 2*i + 17. Let l be o(-11). Determine t(l).
3
Let q(t) = -7*t - 5. Let d be q(-3). Suppose 5*j = -5*s + 95, 3*s - 5*j - 41 + d = 0. Suppose -8*h = -3*h - s. Let m(w) = -w + 1. Calculate m(h).
-2
Let u(d) = 27*d + 162. Let c be u(-6). Let l(w) be the third derivative of 0*w - 1/3*w**3 + c + 1/60*w**5 - 5*w**2 - 1/6*w**4. What is l(4)?
-2
Let o(a) = 22*a + 43. Let y(q) = 16*q + 41. Let f(h) = -4*o(h) + 6*y(h). What is f(-10)?
-6
Let b(k) = -2*k - 5 + 3 + 0*k. Let t(n) = -n**3 + 6*n**2 + 28*n - 5. Let r be t(9). Suppose 0 = -15*y + r*y - 66. What is b(y)?
10
Let x(i) = -i**3 + 8*i**2 + 6*i + 1. Let b(z) = 3*z**3 - 23*z**2 - 18*z - 2. Let u = 71 - 65. Let r(s) = u*b(s) + 17*x(s). What is r(4)?
13
Let l(g) = 5*g**3 - 2*g**2 - 2*g - 2. Let v(o) = -9*o**3 + 3*o**2 + 4*o + 4. Let y be 6*3/(-6) + -1. Let p(a) = y*v(a) - 7*l(a). Calculate p(-2).
2
Let v(d) be the second derivative of -d**5/20 - 7*d**4/12 - 4*d**3/3 - d**2/2 + 2*d + 5. Calculate v(-6).
11
Let u(z) = -9*z**2 + 5*z - 5. Let w(l) = 4*l**2 - 3*l + 2. Let d(r) = -3*u(r) - 7*w(r). Suppose 4*j + 32 = 2*f, j + 17 = 3*f - f. Determine d(f).
1
Suppose 4*t - 4 = -12. Let q = t - -4. Let f(x) = x**2 - 3*x + 3. Give f(q).
1
Suppose -4*x - 5*r = -28 + 8, -4*x + 3*r - 12 = 0. Let g(k) = k**2 + 2*k + 16. What is g(x)?
16
Suppose -6*l + 72 = -0*l. Let r(z) = z**2 - 12*z - 6. Let f be r(l). Let v(j) = -j**2 - 9*j - 6. Determine v(f).
12
Let x(s) = s**3 + 7*s**2 + 7*s. Let c(h) = -h**2 + 5*h + 1. Let w be c(3). Suppose 0 = w*o - 1 + 36. Calculate x(o).
15
Let v(f) = -28*f + 4. Let n(k) = k**3 - 4*k**2 - 5*k + 2. Let q be n(5). Let c(o) = 9*o - 1. Let r(a) = q*v(a) + 7*c(a). Determine r(-1).
-6
Let p(x) be the first derivative of -x**7/840 + x**6/60 - 7*x**5/120 + 7*x**4/24 + 5*x**3/3 - 13. Let w(j) be the third derivative of p(j). Determine w(5).
-3
Let p = 14 - 8. Suppose 0 = -w - 11 + 19. Let l(a) = -2*a + 8. Let s(g) = 5*g - 23. Let q(f) = w*l(f) + 3*s(f). Calculate q(p).
-11
Let t(s) = 5*s**3 + 2*s**2 - 3*s - 2. Let u(o) = 2*o + 4. Let n be u(-3). Let m be t(n). Let h be (4/6)/(m/42). Let g(p) = -6*p**3 - 2*p - 1. Calculate g(h).
7
Let y(b) = 4*b**2 + 6*b + 3. Let c(x) = x**2 + x - 1. Let u(m) = -5*c(m) + y(m). Suppose -5*z - a - 4 = 0, 3*z - 5*a = -10*a - 20. Determine u(z).
8
Let b(i) = -i**2 + 5*i - 3. Suppose -4*o - 19 = 5. Let y be ((-12)/o - -1)*1. Determine b(y).
3
Suppose 4*a - 5 = -3*d + 5, -2 = a. Suppose 0 = d*m - m. Let g(s) = -s + 16700*s**3 + 7*s**2 - 7*s**2 - 16699*s**3. Determine g(m).
0
Let y = -22 - -16. Let s(n) be the third derivative of -n**6/120 - n**5/10 + 5*n**3/6 - 6*n**2. What is s(y)?
5
Let w(c) be the first derivative of c**4/4 + 3*c**3 - c**2/2 - 4*c - 128. Determine w(-9).
5
Let i(b) = -3*b + 25. Let w be i(8). Let y(g) be the first derivative of g**2 - g - 5. What is y(w)?
1
Let i(s) = 4 + 0*s**2 - 3 - s**2. Let c(f) = -f**2 + 3. Suppose 36*r + 34 - 106 = 0. Let b(n) = r*i(n) - c(n). Calculate b(0).
-1
Let a(f) = -5*f - 24. Let p(l) = -4. Let y(o) = a(o) - 5*p(o). Determine y(3).
-19
Let x(a) = a**3 - a - 2. Let f(u) = -5*u**3 - u**2 + 3*u - 15. Let z(p) = -f(p) - 4*x(p). Give z(0).
23
Let d(m) = m - 2. Suppose 3*i - s = -3, -4*i + 5*i = 5*s - 15. Suppose i*j + 2 = -j. Calculate d(j).
-4
Suppose j = -j + 4. Let u(o) = o**j + 0*o**2 + o**2 - 7*o. Let i be 3 - 4*(9/2)/(-9). Give u(i).
15
Let i(z) = -1 - 3*z + 2*z - 4*z + 4*z. Let k be i(-6). Let x(g) = -g**3 + 5*g**2. Determine x(k).
0
Suppose -h + 14 = -2*x, -21 = -0*h - 3*h - x. Let u(i) = 5*i - 7. Let m(d) = -4*d + 7. Let p(s) = -4*m(s) - 3*u(s). What is p(h)?
1
Let u(c) = -c**3 - 18*c + 6. Let i(t) = t**2 + 2*t - 1. Let v be ((-8)/(-16))/(0 - 2/4). Let l(h) = v*u(h) - 6*i(h). Calculate l(5).
5
Let u(m) = 2*m**2 - 7*m - 10. Let z be u(6). Let q be ((-12)/z)/(1/(-15)). Let i(w) = -2*w - q*w + 8*w. Determine i(1).
-3
Let m(o) = -7*o - 7. Let c(d) = 15*d + 15. Let v(a) = 6*c(a) + 13*m(a). What is v(-8)?
7
Let y = 4 + -2. Let f(p) = -p**3 - 3*p + 2*p**y + 0*p**3 + p**2. Let q = 172 - 170. Give f(q).
-2
Let m(y) = 2*y - 7. Suppose -2*c + 4*c - 4*z = 70, 5*c - 2*z = 143. Let g = 32 - c. Calculate m(g).
3
Let c(o) = -o**2 - 2*o - 1. Let v(w) = -3*w - 18. Let z be v(-8). Let r = z + -8. Let q be c(r). Let n(h) = -2*h**2 - h - 1. Determine n(q).
-2
Let r(g) = 9*g**3 + 2*g**2 - g + 7. Let m(w) = 2*w**3 - w**2 + w + 1. Let x(j) = -5*m(j) + r(j). Calculate x(4).
26
Let v(q) be the third derivative of -q**4/24 - 4*q**3/3 - q**2. Let o(a) = -a**3 - 8*a**2 - 2*a + 5. Let y be o(-7). Let s = -30 - y. What is v(s)?
-8
Let x be (-12 - -2) + (8 - 4). Let u(h) = -27*h**2 + 14*h**2 + 7*h + 1 + 14*h**2. Give u(x).
-5
Let x be (12/8)/((-3)/8). Let k(o) be the second derivative of o**5/20 + o**4/3 - 5*o**2/2 + 2*o + 25. Give k(x).
-5
Let c(s) = -12*s + 26. Let a(l) = -8*l + 17. Let o(m) = -7*a(m) + 5*c(m). Let b = 12 + -17. Let h(d) = 5*d - 12. Let z(n) = b*h(n) - 6*o(n). Determine z(-5).
-1
Let g(c) = -7*c**3 + 6*c**3 + 22*c + 5 - 6*c**2 - 21*c. What is g(-6)?
-1
Let w(t) = -t**2 + 17*t + 35. Let s(p) = 8*p + 355. Let g be s(-42). What is w(g)?
-3
Suppose 0 = -3*j + 15, 0 = -5*n - 5*j + 13 + 47. Let z(i) be the third derivative of -i**5/60 + 3*i**4/8 - 3*i**3/2 - 37*i**2. What is z(n)?
5
Suppose -13*i + 17*i + 72 = 0. Let g be (-20)/i*-3 - (-9)/27. Let a(m) = -m**2 + m - 4. Calculate a(g).
-16
Suppose -3*o + 5*o - 2 = 0. Let m be 18/(-6)*o/3. Let k(a) = a. Calculate k(m).
-1
Let o(v) = 11*v - 355. Let g be o(32). Let q(y) = -y. Let f(u) = -u - 3. Let c(p) = -f(p) + 3*q(p). Give c(g).
9
Let l be (2/5)/((-4)/(-20)). Let r(a) be the third derivative of a**6/120 - a**4/24 + a**3/6 - 179*a**2. Give r(l).
7
Let u(n) = -n**2 - 2*n + 12. Let s be u(-4). Let k(i) = 2*i**2 + 3*i - 5. Calculate k(s).
39
Let j be 1/((2/8)/(-1)). Let h(i) be the second derivative of -i**3/6 - 9*i**2/2 - 614*i. What is h(j)?
-5
Let f(d) = d**2 + 10*d + 7. Suppose -5*i + 5*l = -0*l, 4*l - 6 = 2*i. Let o(s) = -s**3 + 9*s - 7. Let h be o(i). Calculate f(h).
-14
Suppose 4*k - 4*m = 44, 4*k - 3*m - 14 = 27. Let d(n) = -14 + 3*n + 1 + 4 + 2. Determine d(k).
17
Let z(t) = t**2 - 9*t - 1. Suppose -2*h = 2*p - 4*p, 2*p + 2*h - 4 = 0. Let n(v) = 6*v**2 - 2*v + 2. Let j be n(p). Give z(j).
-19
Let a(i) = -9 + i**3 + 13 + i + 4*i**2 + 1. Let q = -3 - -3. Let l be q - (2 - 4/(-2)). Calculate a(l).
1
Let w(z) be the second derivative of z**3/2 - z**2/2 - 7*z. Let m be w(1). Let j(h) = -4*h**2 + 5 + 2*h + 0*h - 4*h + 3*h**m. What is j(-4)?
-3
Let m(d) be the first derivative of -d**7/840 - d**6/72 - d**5/60 - d**4/12 + d**3 - 6. Let p(b) be the third derivative of m(b). Give p(-5).
8
Let t(g) be the second derivative of 3/2*g**2 + 0 + 7/6*g**3 - 13*g + 1/12*g**4. What is t(-8)?
11
Let t(q) = q**2 + 9*q + 3. Let m = -820 + 811. Give t(m).
3
Let o = -3 - -2. Let u(b) be the third derivative of 0*